ommon factor of 110 and v?
10
Suppose -4*v = -5*d + 32, 3*v + d - 4*d = -21. Let u be (18/(-60))/(v/(-8))*-70. Calculate the highest common factor of 8 and u.
8
Suppose 4*u + 12 = 4*k, -7*u + k = 1 - 10. What is the highest common factor of 1 and u?
1
Let u = 2 - 3. Let m be u/(2/6) + 5. Suppose -3*i + 69 + 24 = 3*t, -4*i = m*t - 54. Calculate the greatest common factor of t and 14.
7
Let b be (200/110 - 2)*-22. Let w(t) = t**2 - 3*t + 6. Let i be w(6). Calculate the highest common factor of b and i.
4
Let v(p) be the first derivative of 1/3*p**3 - 13/2*p**2 + 12*p + 2. Let c be v(13). What is the highest common factor of 12 and c?
12
Let x(h) = 4*h**2 + 6*h + 42. Let k be x(-8). Let f be (-498)/(-10) - 1*(-8)/40. Calculate the highest common divisor of k and f.
50
Let y = -4 + 15. Suppose 177*n - 264 = 173*n. What is the highest common factor of n and y?
11
Suppose 55*g = 79*g - 3960. Calculate the greatest common factor of g and 385.
55
Suppose -5*r - 175 = 140. Let o = r + 206. Let a be (-5 + 2)*91/(-21). What is the highest common divisor of a and o?
13
Suppose -3*z + 3*l + 208 = l, -315 = -5*z - 3*l. Suppose -3*t - t = 0. Suppose t = -4*q + 7 + 169. What is the highest common factor of z and q?
22
Let j be (1438 - 1)*((-28)/(-12))/7. Let y = -269 + j. Suppose -4*c = -3*b - 81, -4*c = -2*b - 115 + 33. Calculate the greatest common divisor of y and c.
21
Suppose 239*v + f = 242*v - 137, -3*v + 4*f = -125. Let c = 18 + 123. What is the highest common divisor of c and v?
47
Let m be 0 + 0 + 2 + 43. Suppose 4*r - 128 = -10*s + 12*s, r = 2*s + 38. What is the greatest common factor of r and m?
15
Let t be 2/((-2)/(-2 - 2)). Suppose -3 = s - 8. Suppose s*q + 0 - 10 = 0. Calculate the highest common factor of t and q.
2
Suppose -8*c + 356 = -108. Let y(g) = -2*g**3 - 6*g**2 + 3*g + 2. Let z be y(-5). What is the greatest common factor of z and c?
29
Let z(m) = -5 - 2*m**3 - 7*m - 6*m**2 + 0*m - 10*m. Let w be z(-5). What is the highest common divisor of 30 and w?
30
Let r be (-2)/(-7) + (-14750)/(-70) + -7. What is the highest common factor of r and 12?
12
Let u(r) = -r**3 + 10*r**2 + 46*r + 21. Let m be u(-7). Calculate the highest common factor of m and 38.
38
Suppose 4*y - 3*y - 12 = 0. Suppose 0 = -12*z + 3*z + 756. What is the greatest common divisor of z and y?
12
Suppose -y + 46 = 4*j, -5*j - y + 4*y = -66. Let d = -4 + 3. Let l be (d - 11)/(-1 + 0). What is the highest common divisor of l and j?
12
Suppose 58*c + 312 = 82*c. What is the greatest common divisor of c and 1417?
13
Let s = -23 + 31. Suppose 6*j - 855 - 345 = 0. What is the greatest common factor of j and s?
8
Suppose 3*f = 4*k + 378, 0 = -4*f - 4*k + 192 + 312. Let x = 11 + 7. Calculate the highest common factor of f and x.
18
Let g = 317 + -224. Let a = g - 54. Calculate the greatest common factor of a and 26.
13
Let v(l) = l**2 + 3*l - 55. Let h be v(-10). Suppose 4*b = -3*c + 291, -3*b + 5*c = -237 - 3. Calculate the greatest common factor of b and h.
15
Suppose -4*o + 5*y = -412, 5*o - 3*y - 524 = y. Let v(a) = -a**2 + 10*a - 4. Let c be v(8). Calculate the greatest common factor of o and c.
12
Suppose 0 = -201*c + 215*c - 5950. Calculate the highest common factor of c and 170.
85
Let m = -253 + 433. Calculate the highest common factor of m and 20.
20
Let v(u) = -u**3 - 7*u**2 - 6*u + 4. Let g be v(-6). Suppose 3*d - 64 = -g*l, 16 = 4*l - 2*d - 28. What is the highest common divisor of l and 117?
13
Let a = -140 + 158. Suppose a*z - 14 = 238. What is the greatest common factor of 2 and z?
2
Suppose 0 = -48*i + 33*i + 390. Calculate the highest common factor of i and 221.
13
Let p(i) = -i**3 - i**2 - i + 71. Let c be p(0). Let f = c + -49. What is the highest common factor of f and 242?
22
Let k = 297 - -48. Calculate the greatest common factor of k and 23.
23
Let b be 6*28*(3/(-4) + 1). Suppose 2*r - 55 - 3 = 0. Let p = -15 + r. Calculate the highest common divisor of b and p.
14
Let o = -86 + 38. Let b be (4/8 + 0)*o/(-1). What is the highest common divisor of 264 and b?
24
Let y = -5 + 11. Suppose 4*u - 3*l - 37 = -0*u, -2*l = -4*u + 38. What is the greatest common divisor of y and u?
2
Let d(w) = 151*w**3 - 3*w**2 - 2*w. Let r be d(-3). Let h be r/(-7) - 24/56. Suppose -6*z + h = -z. What is the greatest common factor of z and 13?
13
Let y be (0/10)/(2 + 0) - -7. Suppose y*d - 2275 = -350. Calculate the highest common factor of d and 25.
25
Let o(n) = n + 3 - n + n - 11. Let g be o(12). What is the greatest common factor of 2 and g?
2
Let b be -8 - -9 - (3 + 0). Let n be 912/(-6)*b/1. What is the greatest common factor of 38 and n?
38
Let m = -306 - -346. What is the greatest common factor of 750 and m?
10
Suppose 0 = 5*t - 25 - 35. Suppose 0 = -2*o - n + 21, 31 = -10*o + t*o + 3*n. What is the greatest common factor of 1 and o?
1
Let i(y) = 11*y**2 + 90*y - 82. Let n be i(-11). Let h be 37/(1 - (-1 - -1)). Calculate the highest common factor of h and n.
37
Let x be 445 - ((-1)/2)/((-2)/(-24)). What is the greatest common factor of 41 and x?
41
Suppose -5*d + 4 - 3 = -3*k, -5 = -3*k + 2*d. Suppose -2*l + 62 = 2*n, 3*n + 109 = 3*l - 2*n. What is the highest common factor of k and l?
3
Let g be ((-28)/6)/(-3*(-12)/(-4536)). What is the highest common factor of g and 14?
14
Let w(d) = d**3 - 5*d**2 - 5*d + 3. Let m(j) = j**2 - 7*j + 6. Let l be m(7). Let b be w(l). What is the highest common factor of b and 9?
9
Let g(j) = -j**2 - 9*j - 9. Let k be g(-9). Let f(r) = 2*r**2 + 11*r - 12. Let s be f(k). Let c = s + -32. Calculate the highest common divisor of c and 19.
19
Let a be 33 - ((-84)/(-27) + (-3)/27). What is the greatest common factor of 465 and a?
15
Let s(j) = -j**2 - 17*j - 61. Let g be s(-10). What is the greatest common factor of 1 and g?
1
Suppose 3*o - 2*n - 6 = 0, 0 = 3*n - 1 - 8. Suppose 0 = -o*y - 24 + 88. What is the greatest common factor of 64 and y?
16
Let m = -512 + 1081. Suppose -2*g + h + 228 = 0, -2*h - m = -5*g + h. Calculate the highest common divisor of g and 46.
23
Let h = -1242 - -1292. What is the highest common divisor of h and 24?
2
Let k(y) = 4*y**2 + y. Let z be k(1). Suppose -4*a + z*n = -0*n - 393, 0 = -2*a + 5*n + 209. What is the highest common factor of 23 and a?
23
Suppose -10 = -2*x - 2. Suppose 0 = 2*q + x*t - 52, 3*q - 69 + 0 = -3*t. What is the greatest common divisor of 5 and q?
5
Let j = 7 + -3. Suppose -80 = -2*y - j*i, -80 = -3*y + i + 26. Let o = -67 - -71. What is the highest common divisor of o and y?
4
Suppose -4*z = -156 - 348. What is the highest common divisor of z and 168?
42
Let i(b) = -2*b**2 - 7*b - 6. Let k be i(-5). Let j be (2/3)/((-7)/k). Suppose -3*n + j*n = -6. Calculate the greatest common divisor of 66 and n.
6
Let h be (3 - -6)/(0 + 1). Let o be (-8 + 11)*h*(2 - 1). What is the highest common divisor of o and 9?
9
Let i be ((-1)/3)/(5/45). Let s(l) = -18*l + 2. Let w be s(i). Let c = -36 + w. What is the highest common factor of 50 and c?
10
Let n(t) = t + 2. Let o be n(4). Suppose m - o*m = -25. Suppose -3*f = -m*r - 70, -8*f - r + 70 = -3*f. What is the greatest common factor of f and 15?
15
Let i(v) = 7*v**3 + 2*v**2 - 3*v + 2. Suppose 2*c - 3*z = -8, 0 = -5*c + 2*z + 1 + 1. Let r be i(c). What is the greatest common factor of 30 and r?
30
Let a be ((-532)/(-12))/(-19) + (-13)/(-3). What is the highest common divisor of 734 and a?
2
Let m(b) = 39*b**2 - b. Let g be m(-1). Let o = 144 - 89. Suppose o = -22*n + 33*n. What is the highest common factor of g and n?
5
Let k(u) be the second derivative of 5*u**3/6 + 3*u**2/2 - 28*u. Let h be k(2). What is the greatest common divisor of 26 and h?
13
Suppose 4*j - j - 3 = 0. Suppose -2*v + 7*v - 2*g = 2, j = 4*v - g. Suppose -3*f = -v*f - 312. Calculate the greatest common divisor of 13 and f.
13
Let k be (-140)/(-16) + (-15)/20. Suppose -9*c = -5*c - k. Calculate the greatest common divisor of 10 and c.
2
Let x = -958 + 1056. Calculate the greatest common factor of 3626 and x.
98
Let t(y) = -56*y - 272. Let o be t(-10). What is the greatest common factor of o and 18?
18
Suppose -3*y + 176 = y. Suppose -3*s = -c + 247, 3*s + 5*c = -57 - 184. Let r = s - -93. Calculate the greatest common factor of y and r.
11
Let h(n) = -2*n**3 - 39*n**2 + 51*n + 83. Let 